- 339 = 0. Calculate the remainder when m is divided by s.
13
Suppose -13*g - 2 = -11*g. Calculate the remainder when (g/15 - (-10)/25)*75 is divided by 7.
4
Let m(u) = 62*u**3 + 4*u**2 + u - 1. Calculate the remainder when m(1) is divided by 34.
32
Let i be (2 + -4)/(22/11). Let o(b) = -27*b + 4. What is the remainder when 61 is divided by o(i)?
30
Let g(j) = 19*j**3 + 3*j**2 - 4*j + 2. Calculate the remainder when 34 is divided by g(1).
14
Suppose -2*v - 480 = -3*c + v, 2*c = -3*v + 335. What is the remainder when c is divided by 33?
31
Suppose 4*u = -4*p + 152, 3*p - 136 = u - 18. Calculate the remainder when p is divided by 3.
0
Let a = 85 + -127. Let p = a - -54. Calculate the remainder when 56 is divided by p.
8
Let j(u) = 133*u**2 - 73*u - 152. What is the remainder when j(-2) is divided by 23?
20
Suppose t - 10*t + 9 = 0. Let n(z) = 95*z**3 - 2*z**2 + z. Calculate the remainder when n(t) is divided by 24.
22
Suppose 3*a = 2*a - 54. Let o be (-6)/15 + a/(-10). Suppose 0 = 5*b + o*l - 125, 3*b + l - 5*l = 103. Calculate the remainder when b is divided by 10.
9
Let r(u) = 3*u**3 - 10*u**2 + 20*u - 18. What is the remainder when r(5) is divided by 25?
7
Suppose -2*v = -s - 152 - 57, 12 = 4*s. Calculate the remainder when 134 is divided by (-4)/(3 + v/(-34)).
32
Suppose 22*c - 210 = 12*c. Let j(k) = k**2 - 6*k + 3. Let q be j(6). Suppose -z + 5 + q = 0. Calculate the remainder when c is divided by z.
5
Let l(g) = g**2 + 4*g + 2. Let x be l(-8). Let r = -21 + x. Suppose -r = -3*v + 4*a, 59 = v + 3*v + 3*a. Calculate the remainder when v is divided by 7.
4
Let h(z) = z**2 - 10*z - 6. Let i be h(11). Suppose -4*b - 5*n + 8 = -3*b, -4*b - i*n + 92 = 0. What is the remainder when 79 is divided by b?
23
Suppose 0 = 4*k + 2*k + 186. Let r = k - -52. What is the remainder when 102 is divided by r?
18
Let j(r) = 15*r**2 - r - 2. Calculate the remainder when 110 is divided by j(2).
54
Let k be 1/(-1 - -2) + 10. Let v(s) = -s**2 - 10*s - 19. Let u be v(-9). Let l = k - u. What is the remainder when 39 is divided by l?
18
Suppose 5*d - 15 = 0, 2*w + d - 10 = 67. What is the remainder when 65 is divided by w?
28
What is the remainder when ((-2)/6*-3)/(4/1148) is divided by 12?
11
Let x be 1/(-4) + (-143)/(-44). Suppose 0 = -x*g - g - 52. Let p = 34 + g. What is the remainder when p is divided by 11?
10
Let c(d) = -18*d - 108. Calculate the remainder when 37 is divided by c(-8).
1
Let q(y) = 3*y**2 - 70*y + 59. Calculate the remainder when 681 is divided by q(23).
33
Let n be ((-72)/60)/(2/5). Let v(m) = m**3 + 4*m**2 + m + 2. Calculate the remainder when 28 is divided by v(n).
4
Suppose -4 = 3*s - 0*s - q, -q = 5*s - 4. Suppose 0*k - 3*k - 39 = s. Let h = -1 - k. Calculate the remainder when 23 is divided by h.
11
Let w(c) be the third derivative of -c**5/60 + 19*c**4/24 + 11*c**3/6 + 21*c**2. What is the remainder when w(18) is divided by 6?
5
Let z(w) = w**2 + 5*w - 7. Suppose -a + 7 = -2*a. Let r be z(a). Suppose -2*u - r = -3*u. What is the remainder when 41 is divided by u?
6
Let i = -48 + 195. Calculate the remainder when i is divided by 32.
19
Let b(p) = p**2 + 7*p - 4. Let w be b(-8). Let n = w + 3. What is the remainder when 18 is divided by n?
4
Let y be (-5 + 6)/((-3)/(-6)). Suppose 5*w + 3*q = 2*w + 36, y*w = -q + 25. Calculate the remainder when 38 is divided by w.
12
Let o(r) = r**2 + 19*r + 82. What is the remainder when 350 is divided by o(-15)?
20
Suppose 2*m + h - 56 = 171, h = 3. What is the remainder when 239 is divided by m?
15
Let s(o) = -381*o - 719. Calculate the remainder when (142/(-1))/(2/(-3)) is divided by s(-2).
41
Let p = -573 - -653. What is the remainder when 221 is divided by p?
61
Suppose 3*s = -4*x - 3 + 13, 0 = -5*s + 4*x + 6. Suppose -303 = -11*c + 808. Let r = -99 + c. Calculate the remainder when s is divided by r.
0
Suppose 0 = 69*i - 64*i. Suppose i = c - 24 + 8. What is the remainder when c is divided by 10?
6
What is the remainder when 2/18 - 932/(-36) is divided by 5?
1
Let h(m) = m - 4. Let v be h(5). Let u(b) = 39*b + 1. Suppose -4*r = -8*r - t + 53, 4*t = -3*r + 30. What is the remainder when u(v) is divided by r?
12
Let b(h) = 2*h**2 - 111*h + 83. What is the remainder when 63 is divided by b(55)?
7
Suppose 22 = -4*g - 2. Let h(q) = -q**3 + 7*q**2 + 8*q + 3. What is the remainder when -1 + 4 + (-5 - g) is divided by h(8)?
1
Let u(v) = -v + 37. Let m be u(0). Suppose -85 = 4*t - 21*t. Suppose t*h = 83 + m. Calculate the remainder when h is divided by 13.
11
Let n = 16 + -20. Let k be (-42)/(-35)*(-230)/n. Let q = k + -28. Calculate the remainder when q is divided by 11.
8
Calculate the remainder when 27/54 - (-222)/4 is divided by 36.
20
Let h = -13 + -17. Let v = 35 + h. Calculate the remainder when 23 is divided by v.
3
Let d = 301 + -252. Calculate the remainder when d is divided by 21.
7
Let p = -15 - -17. Suppose -p*w = 5*x - 1, -4*x = -w - 2 + 35. What is the remainder when w is divided by 6?
1
Suppose -3*j + 158 = -5*n - 27, -140 = 3*n + 4*j. Let f = -19 - n. What is the remainder when 39 is divided by f?
18
Suppose -15 - 15 = -5*p. Suppose p*i = 3*i + 96. Suppose -20 = -n + 3*j, -3*n - 3*j = -0*j - 24. What is the remainder when i is divided by n?
10
Let x = 31 - 29. Suppose -10 = x*d - 52. What is the remainder when 124 is divided by d?
19
Suppose -44 = -d + 2*d + 5*x, 1 = d - 4*x. Suppose -3 + 127 = 2*j. Let a = j + d. Calculate the remainder when a is divided by 11.
10
Let x = 106 + -75. Suppose -4*g + x + 21 = 0. Suppose -8*d = -g*d + 375. Calculate the remainder when d is divided by 26.
23
Suppose l + 0*l + 8 = 0. Let t be (1*-4)/(l/20). Let c = t - -4. What is the remainder when 40 is divided by c?
12
Let b(u) = -u**3 - u**2 - 5*u - 7. Calculate the remainder when b(-5) is divided by 20.
18
Suppose 1096 = 5*t + 3*j, -40*j + 37*j = 9. Calculate the remainder when t is divided by 69.
14
Suppose -493 = 4*p + 3*v, -2*p + 4*v = 255 - 3. Let s be p/(-44) + 4/22. Let n(i) = 6*i - 6. Calculate the remainder when 45 is divided by n(s).
9
Suppose f + 284 = 4*d - 559, 2*f = -6. Suppose d = g + g. Suppose 3*w = -2*w + g. What is the remainder when 82 is divided by w?
19
Suppose -m - d = -4, -5*m + 2*m - 5*d = -10. Let l = m + -38. What is the remainder when 41 is divided by (1 - -2) + l/(-3)?
13
Let t(f) = f**3 + 16*f**2 - 2*f - 14. Suppose -2*r - 5*b = -4*r + 117, 5*b + 15 = 0. Calculate the remainder when r is divided by t(-16).
15
Let b = -442 + 444. What is the remainder when 1/((-2)/(-6) + 0) is divided by b?
1
Suppose 100 = 16*s - 12*s. Calculate the remainder when 52 is divided by s.
2
Let i = -330 - -349. Calculate the remainder when 1232 is divided by i.
16
Let m = 78 - 72. Calculate the remainder when 43 is divided by -5*(-4)/2*m/4.
13
Suppose 2*o = 5*d + 33, -4*o - 4*d = 2 + 2. Suppose -12*x = o*x - 1296. What is the remainder when x is divided by 21?
18
Let j = 233 - 222. Calculate the remainder when 307 is divided by j.
10
Suppose 5*k + 43*s - 48*s - 25 = 0, 0 = 5*k - 2*s - 19. Calculate the remainder when 6/(-2)*16/(-3) is divided by k.
1
Let q(a) = -a**2 - 17*a - 51. Let v(z) = 2*z**2 + 16*z + 52. Let g(t) = 4*q(t) + 3*v(t). Calculate the remainder when g(16) is divided by 37.
33
What is the remainder when 165/(-2)*(-32)/40 is divided by 7?
3
Suppose 0 = a + x - 24, -3*a + x = -x - 62. What is the remainder when a is divided by 6?
4
Suppose -4*f = 35 + 289. Let a = 91 + f. What is the remainder when 16 is divided by a?
6
Let y(f) = -14*f - 37. What is the remainder when y(-10) is divided by 57?
46
Suppose -2187 = -4*x - k, 0 - 10 = 2*k. What is the remainder when x is divided by 25?
23
Suppose 2*j = -5*i - 319, i + 56 = -j - 2*j. Let d = 99 + i. What is the remainder when d is divided by 18?
16
Let i(p) = -8*p**3 - 9*p**2 + 4*p - 4. What is the remainder when i(-4) is divided by 32?
28
Let w(p) = 2*p**2. Let m be w(-1). Suppose 5*n - 4*n = m. Suppose -n*y + 78 = y. What is the remainder when y is divided by 7?
5
Suppose -3*m - m + 43 = 3*a, -5*a + 50 = 5*m. Let r(g) = g**3 + 47*g**2 + 24. What is the remainder when r(-47) is divided by m?
11
Let m(u) = -9*u**2 + 5*u**2 + 2 + u + 6*u**2 + 1. Calculate the remainder when 20 is divided by m(-2).
2
What is the remainder when 57 is divided